87 = -9523. List the prime factors of j.
3, 367
Suppose -2*c - 2 - 1176 = -4*s, 0 = 5*s - 2*c - 1475. What are the prime factors of s?
3, 11
Let a be ((-6)/(-15)*10)/1. Suppose a*x + 20 = 0, -5*w - 2*x + 4*x + 200 = 0. List the prime factors of w.
2, 19
Suppose -7*y + 10834 = -6022. List the prime factors of y.
2, 7, 43
Suppose -503 = 6*z - 5693. List the prime factors of z.
5, 173
What are the prime factors of 13797/9 - -5 - -5?
1543
Let o(s) = -2*s + 6. Let q(l) = -l + 3. Let m(w) = -3*o(w) + 5*q(w). Let t be m(0). Let a = 18 + t. What are the prime factors of a?
3, 5
Suppose 3*m + 4*x = -56, 0 = 2*m + m - 3*x + 21. What are the prime factors of (27/m)/((-3)/64)?
2, 3
Suppose -2*t = -5*n - 2680, -2640 = -2*t + 30*n - 35*n. What are the prime factors of t?
2, 5, 7, 19
Suppose -7395*d - 33176 = -7403*d. What are the prime factors of d?
11, 13, 29
Suppose 324979 + 41639 = 87*l. List the prime factors of l.
2, 7, 43
Let h(l) = 23*l**2 + 6*l + 20. What are the prime factors of h(5)?
5
List the prime factors of -23638*(-3)/48 + (-9)/24.
7, 211
Let x be 116/(-2) - -3 - -4. Let g = 4 + -6. What are the prime factors of g/8 - x/12?
2
Let r be (-1 + 8)*(-4)/(-14). Let g(b) = 3*b**2 - 14*b - 2*b**2 + 17*b + b**r. List the prime factors of g(-4).
2, 5
List the prime factors of 867*(-54)/12*2/(-3).
3, 17
Let n(l) = 146*l**3 + 11*l**2 - 19*l - 3. What are the prime factors of n(2)?
1171
Let n(g) = -g**2 - 3*g - 17. Let q(t) = 2*t**2 + 7*t + 35. Let z(o) = 9*n(o) + 4*q(o). Let f be z(0). Let m = -8 - f. List the prime factors of m.
5
Let u = -23 + 25. Suppose -2*k = -3*k - 3*v - u, 0 = -4*k - 5*v + 20. What are the prime factors of k?
2, 5
Let z = -6 - -10. Let r be 12/((-4)/(-50) + 0). Suppose z*d + 62 = r. List the prime factors of d.
2, 11
Let a(t) = 51*t**2 + 8*t + 8. What are the prime factors of a(-2)?
2, 7
Suppose -3*j + 9*j - 18 = 0. Let s be -12*4/(16/j). Let v = 48 + s. What are the prime factors of v?
3, 13
Let b = 41 + -38. Let y(p) be the second derivative of p**5/20 - p**4/4 + p**3/6 + 5*p**2/2 - 3*p. What are the prime factors of y(b)?
2
Let y(r) = -72*r**3 + r**2 - 3*r - 18. List the prime factors of y(-2).
2, 71
Let c be (0 + 4)*(8 - 7). Suppose 45 = 5*n + c*m, -5*n + 2*m + 87 = 12. Suppose n*b - 16*b + 12 = 0. What are the prime factors of b?
2
Let y(t) = t**2 - 7*t + 11. Let b(x) = x**3 + 9*x**2 + 7*x + 4. Let r be b(-8). List the prime factors of y(r).
71
Let k be 650/15*-3 - 1. Let t = 298 + k. List the prime factors of t.
167
Let o(d) be the third derivative of 0*d - 7/60*d**5 + 1/120*d**6 + 0 + 2/3*d**3 - 1/3*d**4 + 5*d**2. List the prime factors of o(8).
2
Let o = -7 - -10. Suppose i + o = -2*c, -3*i = 3*c - 5 + 20. Let p = i + 10. What are the prime factors of p?
3
Let j(d) = -d**2 - 3*d + 2. Let t be (-1 + 1 - 7) + 0. Let v be j(t). Let f = 45 + v. List the prime factors of f.
19
Let l be (-8)/(-3) + -2*5/15. Suppose 5*u - 137 = -d, l*d - 3*u = -0*u + 235. List the prime factors of d.
2, 61
Suppose 43*v = 29*v + 19320. List the prime factors of v.
2, 3, 5, 23
Let i(t) = 14*t**2 + 53*t + 113. What are the prime factors of i(-14)?
3, 5, 47
Suppose 3*b + 6 = 0, 10 = 4*j - 4*b - 2. What are the prime factors of 0 + j/((-4)/(-676))?
13
Let k(g) = -53*g + 252. What are the prime factors of k(-18)?
2, 3, 67
Suppose -5*x = 4*y - 7708 - 418, 0 = 4*y + 4. What are the prime factors of x?
2, 3, 271
Let w(k) = 34*k**2 + 1. Let y be w(-1). Let i = 93 - y. List the prime factors of i.
2, 29
Let s = -6 + 5. Let j be (-1)/(-2)*4/s. List the prime factors of ((-85)/5)/(j/2).
17
Let b = 1062 + -559. What are the prime factors of b?
503
What are the prime factors of (1 - -1) + (-24294)/(-18)*3?
4051
List the prime factors of (-477)/(-7) + (-14)/98.
2, 17
Let q be 6*(4/(-16)*-10 + -2). Suppose -5*g - q*g = -296. List the prime factors of g.
37
What are the prime factors of -4252*9/(-180)*(7 + -2)?
1063
What are the prime factors of 2/(-2) + 969 + -8?
2, 3, 5
Suppose 0*y + 3*j = 4*y - 5, 4*y + 5*j - 13 = 0. Suppose 3*i - i = -5*g + 43, -2*g + 4*i = y. What are the prime factors of g?
7
Let d(t) = 74*t**2 - 5*t - 40. List the prime factors of d(4).
2, 281
Let u = 2 - -3. Suppose -a + 1 = -g, -2*a - 5*g = 2*a + u. Suppose 4 = -4*x, -101 = -a*j - 4*j + x. What are the prime factors of j?
5
Suppose 0 = q - 2 - 3. Suppose -5*f + 2*d = 3*d - 56, -4*f = q*d - 28. What are the prime factors of f?
2, 3
Let o be (-84)/(-9) - (-3)/(-9) - -1. What are the prime factors of (-4)/(-3)*615/o?
2, 41
Suppose 6*q = -17*q + 9430. What are the prime factors of q?
2, 5, 41
Suppose -a = -2*k + 6, -a + 2*a + 2*k + 2 = 0. Let p be ((-16)/(-20))/(a/(-10)). Let w(b) = 9*b**2 - 2*b + 1. What are the prime factors of w(p)?
3, 11
What are the prime factors of ((-75)/6)/(-5)*(471 - 5)?
5, 233
Let x be 254/9 - (-8)/(-36). List the prime factors of x/42 - (-37)/3.
13
Let c be (-7)/((-14)/22)*2/(-2). Let z(q) = q**2 + 26. What are the prime factors of z(c)?
3, 7
Suppose -78100 = 19*z - 90*z. What are the prime factors of z?
2, 5, 11
Let a(v) = -v**3 + 8*v**2 + 9*v + 2. Let t be a(9). Suppose t*q + 24 = -q. Let o(p) = -5*p - 11. What are the prime factors of o(q)?
29
Let w be 0 - (-6 + (0 - -4)). Suppose w*c + 3*q = 192, c - 6*q = -4*q + 96. What are the prime factors of c?
2, 3
Let s = 27 + -39. Let x(j) = j**3 + 13*j**2 + 3*j - 5. What are the prime factors of x(s)?
103
Let l(r) = -4*r + 7. Let b be l(2). Let f(w) = -153*w + 2. Let v be f(b). Suppose 4*a - v = 49. List the prime factors of a.
3, 17
Suppose -3*d = -5*p + 11, -2*d + 22 = -0*p + 4*p. Let q be 101 - (45/5)/d. Suppose i = -i + q. List the prime factors of i.
7
Suppose 14*p = 8*p - 540. Let x = 300 + p. What are the prime factors of x?
2, 3, 5, 7
Let s(w) = w**3 - 15*w**2 + 2*w - 21. Let f be s(15). Suppose -p = 2*p - f. Suppose 3*k = -3*j + 9, 0 = -p*k - 2*j - 2*j + 10. List the prime factors of k.
2
Let a be (-2 - -3)*0/(-4). Suppose a = -c + 4*o + 73, -5*c + 10*c - 341 = -4*o. What are the prime factors of c?
3, 23
Let k(l) = -491*l - 27. List the prime factors of k(-2).
5, 191
Let a = -139 + 139. Suppose -902 = -4*o + f - 50, 5*f = a. List the prime factors of o.
3, 71
Suppose 0 = o + 1, 8*o + 4 = 3*t + 4*o. Suppose t = 3*p + c - 26, -4*p - 4 = 5*c - 46. List the prime factors of p.
2
Let i = 1516 + -543. Suppose -i = -0*y - 7*y. What are the prime factors of y?
139
Suppose 0*u - 15 = -5*u - 2*m, -5*m = 0. Suppose -4*p = -20, -3*i - u*p + 44 = p. List the prime factors of i.
2
Suppose -11675 = -9*l - 16*l. What are the prime factors of l?
467
Let j = 41 - 30. Suppose 16*h - 17*h = -j. List the prime factors of h.
11
Let p(g) = -29*g - 281. Let h be p(-13). Suppose 4*x - 3*i = -0 + 11, -5*i = -3*x. Suppose x*u - 74 = h. List the prime factors of u.
2, 17
Suppose 4*n - 13 + 5 = 0. Suppose y = n*k + 20, -120 = -5*y + 5*k - 0*k. List the prime factors of ((-15)/(-3) - 2) + y.
31
Let b = 99 + -102. What are the prime factors of (-38)/(-4) - b*(-6)/(-36)?
2, 5
Let p(u) = 18*u**2 + 2*u + 17. Let o be p(-4). Suppose -347 = -7*t + o. What are the prime factors of t?
2, 23
What are the prime factors of 5583/2*(-15)/(405/(-36))?
2, 1861
Let m = -1100 - -3111. What are the prime factors of m?
2011
Let h = 44 + -39. Suppose -h*b = -1007 + 27. List the prime factors of b.
2, 7
Suppose -77 = 5*k + 28. Let n = k + 19. What are the prime factors of (-978)/(-42) + n/7?
23
Suppose 11*i - 48 = 7*i. What are the prime factors of 1452/14 - i/(-42)?
2, 13
Let x(k) = -k**2 - 7*k + 8. Let u be x(-8). List the prime factors of (u - (2 + -1)) + -2 - -5.
2
Suppose -8*r + 150 + 1122 = 0. What are the prime factors of r?
3, 53
Let m be ((-9)/(-2))/((-50)/56 - -1). What are the prime factors of 5724/m - (-2)/(-7)?
2, 17
Let h = 117 - 115. Let w(q) = 20*q**2 + 3*q + 4. Let b(g) = 30*g**2 + 4*g + 6. Let y(j) = 5*b(j) - 7*w(j). List the prime factors of y(h).
2, 5
Let x be (-2 - -1) + (4 - -2). Suppose -x*y = 3*i - 359, -2*y - 2*y - 148 = -i. Suppose -6*l + i = 4*z - l, -l - 50 = -2*z. What are the prime factors of z?
3
Let n(m) = -2*m**3 - 33*m**2 + 59*m + 6. List the prime factors of n(-22).
2, 3, 7
Let p(h) = 327*h**3 - h + 2. What are the prime factors of p(1)?
2, 41
Let b(w) = -76*w - 1. Suppose 5*n - 23 = -2*q, 2*n = -3*q - 5 + 12. List the 